{"id":543,"date":"2022-05-12T19:53:40","date_gmt":"2022-05-12T19:53:40","guid":{"rendered":"https:\/\/vidatech.com.br\/loja\/?post_type=product&#038;p=543"},"modified":"2024-05-02T14:13:22","modified_gmt":"2024-05-02T14:13:22","slug":"sport-smart-watch-female-and-male-smart-watch-ios-and-android-pink","status":"publish","type":"product","link":"https:\/\/vidatech.com.br\/loja\/produto\/sport-smart-watch-female-and-male-smart-watch-ios-and-android-pink\/","title":{"rendered":"Sport Smart Watch Female and Male Smart Watch iOS and Android-Pink"},"content":{"rendered":"<div class=\"detailmodule_html\">\n<div class=\"detail-desc-decorate-richtext\">\n<p>&nbsp;<\/p>\n<div style=\", roboto, arial, helvetica, sans-serif, simsun;font-size: 14px; font-weight: 400; letter-spacing: normal; text-align: start; margin: 0px; padding: 0px;\" align=\"start\">\n<div style=\", sans-serif;font-size: 14px; font-weight: 400; letter-spacing: normal; text-align: center; margin: 0px; padding: 0px;\" align=\"center\"><span style=\"font-size: 24px;\">Y68 Bluetooth women sport smartwatch man proof dwaterproof Water Smart Watch heart rate monitor Smart Android Relogio fitness tracker<\/span><\/div>\n<div style=\", sans-serif;font-size: 14px; font-weight: 400; letter-spacing: normal; text-align: start; margin: 0px; padding: 0px;\" align=\"start\"><\/div>\n<div style=\", sans-serif;font-size: 14px; font-weight: 400; letter-spacing: normal; text-align: start; margin: 0px; padding: 0px;\" align=\"start\"><span style=\"font-size: 20px;\">Wristwatch categories: children and adult<\/span><\/div>\n<div style=\", sans-serif;font-size: 14px; font-weight: 400; letter-spacing: normal; text-align: start; margin: 0px; padding: 0px;\" align=\"start\"><span style=\"font-size: 20px;\">Wrist Watch Style: Fashion<\/span><\/div>\n<div style=\", sans-serif;font-size: 14px; font-weight: 400; letter-spacing: normal; text-align: start; margin: 0px; padding: 0px;\" align=\"start\"><\/div>\n<div style=\", sans-serif;font-size: 14px; font-weight: 400; letter-spacing: normal; text-align: start; margin: 0px; padding: 0px;\" align=\"start\"><span style=\"font-size: 20px;\">Function wristwatch<\/span><\/div>\n<div style=\", sans-serif;font-size: 14px; font-weight: 400; letter-spacing: normal; text-align: start; margin: 0px; padding: 0px;\" align=\"start\"><span style=\"font-size: 14px;\">1. support Bluetooth 4.0, Android, iOS<\/span><\/div>\n<div style=\", sans-serif;font-size: 14px; font-weight: 400; letter-spacing: normal; text-align: start; margin: 0px; padding: 0px;\" align=\"start\"><span style=\"font-size: 14px;\">2. touch screen control wristwatch<\/span><\/div>\n<div style=\", sans-serif;font-size: 14px; font-weight: 400; letter-spacing: normal; text-align: start; margin: 0px; padding: 0px;\" align=\"start\"><span style=\"font-size: 14px;\">3. steps, calories, distance: outdoor exercise, can record how many steps, calories burned, trajectory run and the distance<\/span><span style=\"font-size: 14px;\">Fate.<\/span><\/div>\n<div style=\", sans-serif;font-size: 14px; font-weight: 400; letter-spacing: normal; text-align: start; margin: 0px; padding: 0px;\" align=\"start\"><span style=\"font-size: 14px;\">4. heart rate monitor: it will monitor accurately and record your heart rate.<\/span><\/div>\n<div style=\", sans-serif;font-size: 14px; font-weight: 400; letter-spacing: normal; text-align: start; margin: 0px; padding: 0px;\" align=\"start\"><span style=\"font-size: 14px;\">5. monitor blood pressure: it will monitor and record accurately your blood pressure.<\/span><\/div>\n<div style=\", sans-serif;font-size: 14px; font-weight: 400; letter-spacing: normal; text-align: start; margin: 0px; padding: 0px;\" align=\"start\"><span style=\"font-size: 14px;\">6. monitor sleep: when sleeping, it can monitor the time and sleep quality.<\/span><\/div>\n<div style=\", sans-serif;font-size: 14px; font-weight: 400; letter-spacing: normal; text-align: start; margin: 0px; padding: 0px;\" align=\"start\"><span style=\"font-size: 14px;\">7. reminder sedent\u00e1rio: set time reminder sedent\u00e1rio, He vibrar\u00e1 for lembr\u00e1-Lo rest.<\/span><\/div>\n<div style=\", sans-serif;font-size: 14px; font-weight: 400; letter-spacing: normal; text-align: start; margin: 0px; padding: 0px;\" align=\"start\"><span style=\"font-size: 14px;\">8. alarm clock<\/span><\/div>\n<div style=\", sans-serif;font-size: 14px; font-weight: 400; letter-spacing: normal; text-align: start; margin: 0px; padding: 0px;\" align=\"start\"><span style=\"font-size: 14px;\">9. Photography remote control: within 10 meters, you can agit\u00e1-Lo to control the phone to take photos.<\/span><\/div>\n<div style=\", sans-serif;font-size: 14px; font-weight: 400; letter-spacing: normal; text-align: start; margin: 0px; padding: 0px;\" align=\"start\"><span style=\"font-size: 14px;\">10. Message and reminder call: when the phone receives a call or a message, he vibrar\u00e1 for lembr\u00e1-Lo.<\/span><\/div>\n<div style=\", sans-serif;font-size: 14px; font-weight: 400; letter-spacing: normal; text-align: start; margin: 0px; padding: 0px;\" align=\"start\"><span style=\"font-size: 14px;\">11. 10 days standby time.<\/span><\/div>\n<div style=\", sans-serif;font-size: 14px; font-weight: 400; letter-spacing: normal; text-align: start; margin: 0px; padding: 0px;\" align=\"start\"><\/div>\n<div style=\", sans-serif;font-size: 14px; font-weight: 400; letter-spacing: normal; text-align: start; margin: 0px; padding: 0px;\" align=\"start\"><span style=\"font-size: 20px;\">Dial wristwatch<\/span><\/div>\n<div style=\", sans-serif;font-size: 14px; font-weight: 400; letter-spacing: normal; text-align: start; margin: 0px; padding: 0px;\" align=\"start\"><span style=\"font-size: 14px;\">Wristwatch movement Type: Smart<\/span><\/div>\n<div style=\", sans-serif;font-size: 14px; font-weight: 400; letter-spacing: normal; text-align: start; margin: 0px; padding: 0px;\" align=\"start\"><span style=\"font-size: 14px;\">Wristwatch battery: 170-200 mAh<\/span><\/div>\n<div style=\", sans-serif;font-size: 14px; font-weight: 400; letter-spacing: normal; text-align: start; margin: 0px; padding: 0px;\" align=\"start\"><span style=\"font-size: 14px;\">Wrist Watch fashion dial: rectangle<\/span><\/div>\n<div style=\", sans-serif;font-size: 14px; font-weight: 400; letter-spacing: normal; text-align: start; margin: 0px; padding: 0px;\" align=\"start\"><span style=\"font-size: 14px;\">Wristwatch display type: LED<\/span><\/div>\n<div style=\", sans-serif;font-size: 14px; font-weight: 400; letter-spacing: normal; text-align: start; margin: 0px; padding: 0px;\" align=\"start\"><span style=\"font-size: 14px;\">Wrist Watch case material: Alloy\/resin<\/span><\/div>\n<div style=\", sans-serif;font-size: 14px; font-weight: 400; letter-spacing: normal; text-align: start; margin: 0px; padding: 0px;\" align=\"start\"><span style=\"font-size: 14px;\">Wristwatch dial material window: Glass<\/span><\/div>\n<div style=\", sans-serif;font-size: 14px; font-weight: 400; letter-spacing: normal; text-align: start; margin: 0px; padding: 0px;\" align=\"start\"><span style=\"font-size: 14px;\">Wrist Watch dial color: black<\/span><\/div>\n<div style=\", sans-serif;font-size: 14px; font-weight: 400; letter-spacing: normal; text-align: start; margin: 0px; padding: 0px;\" align=\"start\"><\/div>\n<div style=\", sans-serif;font-size: 14px; font-weight: 400; letter-spacing: normal; text-align: start; margin: 0px; padding: 0px;\" align=\"start\"><span style=\"font-size: 20px;\">Bracelet<\/span><\/div>\n<div style=\", sans-serif;font-size: 14px; font-weight: 400; letter-spacing: normal; text-align: start; margin: 0px; padding: 0px;\" align=\"start\"><span style=\"font-size: 14px;\">Bracelet material : Silicone<\/span><\/div>\n<div style=\", sans-serif;font-size: 14px; font-weight: 400; letter-spacing: normal; text-align: start; margin: 0px; padding: 0px;\" align=\"start\"><span style=\"font-size: 14px;\">Clasp type strap: Buckle<\/span><\/div>\n<div style=\", sans-serif;font-size: 14px; font-weight: 400; letter-spacing: normal; text-align: start; margin: 0px; padding: 0px;\" align=\"start\"><span style=\"font-size: 14px;\">Bangle color: black\/white\/pink\/Silver\/Orange\/gray<\/span><\/div>\n<div style=\", sans-serif;font-size: 14px; font-weight: 400; letter-spacing: normal; text-align: start; margin: 0px; padding: 0px;\" align=\"start\"><\/div>\n<div style=\", sans-serif;font-size: 14px; font-weight: 400; letter-spacing: normal; text-align: start; margin: 0px; padding: 0px;\" align=\"start\"><span style=\"font-size: 20px;\">Size and weight<\/span><\/div>\n<div style=\", sans-serif;font-size: 14px; font-weight: 400; letter-spacing: normal; text-align: start; margin: 0px; padding: 0px;\" align=\"start\"><span style=\"font-size: 14px;\">Watch wrist length: approx 25 cm<\/span><\/div>\n<div style=\", sans-serif;font-size: 14px; font-weight: 400; letter-spacing: normal; text-align: start; margin: 0px; padding: 0px;\" align=\"start\"><span style=\"font-size: 14px;\">Wristwatch diameter dial: approx 4 cm<\/span><\/div>\n<div style=\", sans-serif;font-size: 14px; font-weight: 400; letter-spacing: normal; text-align: start; margin: 0px; padding: 0px;\" align=\"start\"><span style=\"font-size: 14px;\">Wristwatch dial thickness: about 1 cm<\/span><\/div>\n<div style=\", sans-serif;font-size: 14px; font-weight: 400; letter-spacing: normal; text-align: start; margin: 0px; padding: 0px;\" align=\"start\"><span style=\"font-size: 14px;\">Bangle width: approx 2 cm<\/span><\/div>\n<div style=\", sans-serif;font-size: 14px; font-weight: 400; letter-spacing: normal; text-align: start; margin: 0px; padding: 0px;\" align=\"start\"><span style=\"font-size: 14px;\">Wrist Watch weight: about 30g<\/span><\/div>\n<div style=\", sans-serif;font-size: 14px; font-weight: 400; letter-spacing: normal; text-align: start; margin: 0px; padding: 0px;\" align=\"start\"><\/div>\n<div style=\", sans-serif;font-size: 14px; font-weight: 400; letter-spacing: normal; text-align: start; margin: 0px; padding: 0px;\" align=\"start\"><span style=\"font-size: 20px;\">Package<\/span><\/div>\n<div style=\", sans-serif;font-size: 14px; font-weight: 400; letter-spacing: normal; text-align: start; margin: 0px; padding: 0px;\" align=\"start\"><span style=\"font-size: 22px;\">Wrist Watch X 1<\/span><\/div>\n<div style=\", sans-serif;font-size: 14px; font-weight: 400; letter-spacing: normal; text-align: start; margin: 0px; padding: 0px;\" align=\"start\"><span style=\"font-size: 22px;\">Note: Dear buyers, this watch doesn&#8217;t require a charging cable, it can be uploaded directly through head charging or USB interface (the charging head is not included)<br \/>\nThe watch can not be used for swimming or bathing. Only the screen proof d&#8217; water<\/span><\/div>\n<div style=\", sans-serif;font-size: 14px; font-weight: 400; letter-spacing: normal; text-align: start; margin: 0px; padding: 0px;\" align=\"start\"><span style=\"font-size: 20px;\">Specification proof d&#8217; water<\/span><\/div>\n<div style=\", sans-serif;font-size: 14px; font-weight: 400; letter-spacing: normal; text-align: start; margin: 0px; padding: 0px;\" align=\"start\"><span style=\"font-size: 14px;\">You can wash your hands and face with us\u00e1-Lo.<\/span><\/div>\n<div style=\", sans-serif;font-size: 14px; font-weight: 400; letter-spacing: normal; text-align: start; margin: 0px; padding: 0px;\" align=\"start\"><span style=\"font-size: 14px;\">But not support bathing, swimming, dipping.<br \/>\n<\/span><img decoding=\"async\" style=\"border: 0px; margin: 0px; padding: 0px; max-width: 100%;\" src=\"https:\/\/ae01.alicdn.com\/kf\/H84d70ec72c1f44ee9e6f846a4ade92fd6.jpg?width=918&amp;height=718&amp;hash=1636\" \/><\/div>\n<\/div>\n<div style=\", roboto, arial, helvetica, sans-serif, simsun;font-size: 14px; font-weight: 400; letter-spacing: normal; text-align: start; margin: 0px; padding: 0px;\" align=\"start\"><img decoding=\"async\" class=\"detail-desc-decorate-image\" style=\"border: 0px; margin: 0px; padding: 0px; max-width: 100%;\" src=\"https:\/\/ae01.alicdn.com\/kf\/Hcd381c7d61084b5688e8813c1d4af021q.jpg?width=800&amp;height=800&amp;hash=1600\" \/><\/div>\n<div style=\", roboto, arial, helvetica, sans-serif, simsun;font-size: 14px; font-weight: 400; letter-spacing: normal; text-align: start; margin: 0px; padding: 0px;\" align=\"start\"><img decoding=\"async\" class=\"detail-desc-decorate-image\" style=\"border: 0px; margin: 0px; padding: 0px; max-width: 100%;\" src=\"https:\/\/ae01.alicdn.com\/kf\/He916ed9e23f14ee1b8449c977005a6901.jpg?width=1200&amp;height=1685&amp;hash=2885\" \/><\/div>\n<div style=\", roboto, arial, helvetica, sans-serif, simsun;font-size: 14px; font-weight: 400; letter-spacing: normal; text-align: start; margin: 0px; padding: 0px;\" align=\"start\"><img decoding=\"async\" class=\"detail-desc-decorate-image\" style=\"border: 0px; margin: 0px; padding: 0px; max-width: 100%;\" src=\"https:\/\/ae01.alicdn.com\/kf\/H833bd792e73b4b278460c69ced668a2br.jpg?width=800&amp;height=1346&amp;hash=2146\" \/><\/div>\n<div style=\", roboto, arial, helvetica, sans-serif, simsun;font-size: 14px; font-weight: 400; letter-spacing: normal; text-align: start; margin: 0px; padding: 0px;\" align=\"start\"><img decoding=\"async\" class=\"detail-desc-decorate-image\" style=\"border: 0px; margin: 0px; padding: 0px; max-width: 100%;\" src=\"https:\/\/ae01.alicdn.com\/kf\/H154e76a34ee849bf94ed38e246b58016O.jpg?width=800&amp;height=844&amp;hash=1644\" \/><\/div>\n<div style=\", roboto, arial, helvetica, sans-serif, simsun;font-size: 14px; font-weight: 400; letter-spacing: normal; text-align: start; margin: 0px; padding: 0px;\" align=\"start\"><img decoding=\"async\" class=\"detail-desc-decorate-image\" style=\"border: 0px; margin: 0px; padding: 0px; max-width: 100%;\" src=\"https:\/\/ae01.alicdn.com\/kf\/H02034764ab054367beb0b39316f98b71P.jpg?width=800&amp;height=1388&amp;hash=2188\" \/><\/div>\n<div style=\", roboto, arial, helvetica, sans-serif, simsun;font-size: 14px; font-weight: 400; letter-spacing: normal; text-align: start; margin: 0px; padding: 0px;\" align=\"start\"><img decoding=\"async\" class=\"detail-desc-decorate-image\" style=\"border: 0px; margin: 0px; padding: 0px; max-width: 100%;\" src=\"https:\/\/ae01.alicdn.com\/kf\/H138b52c8054a428c9ca0cd738dfa7efct.jpg?width=800&amp;height=1451&amp;hash=2251\" \/><\/div>\n<div style=\", roboto, arial, helvetica, sans-serif, simsun;font-size: 14px; font-weight: 400; letter-spacing: normal; text-align: start; margin: 0px; padding: 0px;\" align=\"start\"><img decoding=\"async\" class=\"detail-desc-decorate-image\" style=\"border: 0px; margin: 0px; padding: 0px; max-width: 100%;\" src=\"https:\/\/ae01.alicdn.com\/kf\/H8b33f9fa27c4495ab715b0255801b230C.jpg?width=800&amp;height=1036&amp;hash=1836\" \/><\/div>\n<div style=\", roboto, arial, helvetica, sans-serif, simsun;font-size: 14px; font-weight: 400; letter-spacing: normal; text-align: start; margin: 0px; padding: 0px;\" align=\"start\"><img decoding=\"async\" class=\"detail-desc-decorate-image\" style=\"border: 0px; margin: 0px; padding: 0px; max-width: 100%;\" src=\"https:\/\/ae01.alicdn.com\/kf\/H222a36bd87ec4bfc9c4dd7ac631c4f9aH.jpg?width=800&amp;height=700&amp;hash=1500\" \/><\/div>\n<div style=\", roboto, arial, helvetica, sans-serif, simsun;font-size: 14px; font-weight: 400; letter-spacing: normal; text-align: start; margin: 0px; padding: 0px;\" align=\"start\">\n<div style=\"margin: 0px; padding: 0px;\"><img decoding=\"async\" class=\"detail-desc-decorate-image\" style=\"border: 0px; margin: 0px; padding: 0px; max-width: 100%;\" src=\"https:\/\/ae01.alicdn.com\/kf\/H2c0254a7938b4ecf9bddcfe5b6b79a4al.jpg?width=800&amp;height=1198&amp;hash=1998\" \/><\/div>\n<\/div>\n<p>&nbsp;<\/p>\n<\/div>\n<\/div>\n","protected":false},"excerpt":{"rendered":"<p>&nbsp; Y68 Bluetooth women sport smartwatch man proof dwaterproof Water Smart Watch heart rate monitor Smart Android Relogio fitness tracker Wristwatch categories: children and adult Wrist Watch Style: Fashion Function wristwatch 1. support Bluetooth 4.0, Android, iOS 2. touch screen control wristwatch 3. steps, calories, distance: outdoor exercise, can record how many steps, calories burned, [&hellip;]<\/p>\n","protected":false},"featured_media":542,"template":"","meta":[],"product_cat":[18,71,126,128,16],"product_tag":[],"_links":{"self":[{"href":"https:\/\/vidatech.com.br\/loja\/wp-json\/wp\/v2\/product\/543"}],"collection":[{"href":"https:\/\/vidatech.com.br\/loja\/wp-json\/wp\/v2\/product"}],"about":[{"href":"https:\/\/vidatech.com.br\/loja\/wp-json\/wp\/v2\/types\/product"}],"wp:featuredmedia":[{"embeddable":true,"href":"https:\/\/vidatech.com.br\/loja\/wp-json\/wp\/v2\/media\/542"}],"wp:attachment":[{"href":"https:\/\/vidatech.com.br\/loja\/wp-json\/wp\/v2\/media?parent=543"}],"wp:term":[{"taxonomy":"product_cat","embeddable":true,"href":"https:\/\/vidatech.com.br\/loja\/wp-json\/wp\/v2\/product_cat?post=543"},{"taxonomy":"product_tag","embeddable":true,"href":"https:\/\/vidatech.com.br\/loja\/wp-json\/wp\/v2\/product_tag?post=543"}],"curies":[{"name":"wp","href":"https:\/\/api.w.org\/{rel}","templated":true}]}}